 of 64940 and 984796.
764
Calculate the greatest common factor of 6448 and 601679.
403
Calculate the highest common divisor of 1811163 and 137445.
51
What is the highest common divisor of 2656 and 5317727?
83
What is the greatest common divisor of 4321 and 36367885?
29
What is the highest common divisor of 202468 and 2028812?
4132
What is the highest common factor of 50938916 and 1883?
1883
What is the highest common factor of 3402 and 109662?
42
Calculate the greatest common factor of 27016 and 1945768.
88
Calculate the highest common divisor of 1308366 and 90.
18
What is the highest common divisor of 92736 and 106632?
72
Calculate the highest common factor of 48 and 17053368.
24
Calculate the greatest common factor of 55966972 and 513976.
6268
What is the greatest common divisor of 4156083 and 108?
27
Calculate the highest common divisor of 198416894 and 1768.
442
Calculate the greatest common divisor of 9963 and 15390.
81
Calculate the highest common factor of 675653 and 28527.
257
Calculate the highest common divisor of 47104 and 575828.
92
What is the highest common factor of 41063372 and 22540?
4508
What is the greatest common divisor of 32775 and 1668075?
1725
What is the greatest common factor of 3902717 and 149058?
1183
Calculate the greatest common divisor of 3893575 and 724850.
3325
What is the highest common divisor of 38599 and 1287077?
1331
Calculate the highest common divisor of 5782 and 3938368.
826
What is the highest common divisor of 32 and 16846696?
8
Calculate the greatest common divisor of 5460857 and 38974.
1499
Calculate the highest common factor of 36 and 309295188.
36
What is the greatest common divisor of 132050100 and 35?
35
Calculate the highest common factor of 59 and 343359409.
59
Calculate the greatest common factor of 12 and 19582506.
6
Calculate the highest common factor of 56179380 and 928.
116
What is the greatest common divisor of 865677028 and 27376?
6844
What is the greatest common divisor of 1291995 and 90?
45
What is the greatest common factor of 10773 and 4204575?
27
Calculate the highest common factor of 1035 and 18052884.
207
Calculate the highest common factor of 130 and 2147370.
10
Calculate the highest common divisor of 6223089 and 387.
129
Calculate the greatest common divisor of 6477 and 2751836.
127
What is the greatest common factor of 1831252769 and 5171?
5171
What is the greatest common factor of 6 and 100308614?
2
Calculate the greatest common factor of 86 and 9279314.
86
What is the greatest common divisor of 72 and 31819152?
24
What is the greatest common divisor of 64470340 and 524?
524
What is the highest common divisor of 23936500 and 375?
125
Calculate the highest common factor of 3336404 and 1446698.
6922
What is the greatest common divisor of 264 and 12515637?
3
What is the highest common factor of 1469 and 2830085?
113
What is the greatest common factor of 32678244 and 4176?
1044
What is the greatest common divisor of 129181 and 66944?
523
Calculate the greatest common divisor of 12453781 and 318.
53
What is the highest common divisor of 140 and 4400840?
20
What is the greatest common factor of 1225 and 29010205?
245
What is the highest common factor of 2371052784 and 5424?
5424
Calculate the highest common divisor of 616872 and 184.
8
What is the greatest common divisor of 15 and 6599790?
15
Calculate the greatest common factor of 9576 and 82883016.
1368
Calculate the highest common divisor of 21027692 and 182.
14
What is the greatest common divisor of 368 and 3900616?
184
What is the greatest common factor of 44090404 and 1868?
1868
What is the greatest common factor of 92103 and 2937?
33
Calculate the highest common factor of 5160 and 17972409.
129
What is the greatest common divisor of 192 and 9413472?
96
What is the greatest common factor of 90 and 55308285?
45
Calculate the greatest common divisor of 2908458 and 180.
18
What is the highest common factor of 26 and 16781583?
13
What is the highest common divisor of 1156935 and 1020?
255
Calculate the highest common factor of 152796 and 189.
21
What is the greatest common factor of 88 and 1897936?
8
Calculate the highest common divisor of 17995 and 24458804.
3599
Calculate the greatest common divisor of 9 and 95801193.
9
Calculate the greatest common factor of 903704 and 163012.
332
What is the greatest common factor of 21879 and 21132683?
2431
Calculate the greatest common factor of 215884 and 25296.
124
Calculate the greatest common divisor of 223532 and 1349370.
2726
What is the highest common factor of 273141 and 2056879?
979
Calculate the highest common factor of 1397607 and 4944.
309
Calculate the greatest common factor of 268347212 and 2384.
596
What is the greatest common factor of 13826 and 1971538?
62
What is the highest common factor of 1491 and 89201063?
497
What is the greatest common factor of 289 and 27452297?
17
What is the highest common factor of 398575389 and 1542?
771
What is the highest common divisor of 2271 and 48865107?
2271
What is the highest common factor of 249470 and 3131?
101
What is the greatest common factor of 168946153 and 1765?
353
Calculate the highest common divisor of 27625 and 115975.
25
What is the highest common factor of 9 and 77705388?
9
What is the highest common factor of 173755 and 2603380?
2945
Calculate the highest common factor of 4326 and 703129294.
1442
What is the highest common factor of 1278 and 1375483?
71
Calculate the highest common factor of 4257 and 54670286.
473
What is the highest common divisor of 1365 and 280410?
195
What is the highest common factor of 81875 and 3594116?
131
Calculate the highest common divisor of 1434 and 6006309.
717
What is the greatest common divisor of 26280 and 59034735?
3285
What is the greatest common factor of 725200 and 1600?
400
What is the greatest common factor of 203976 and 5976?
72
Calculate the highest common divisor of 75000 and 204780.
60
What is the highest common divisor of 55133 and 2041?
13
Calculate the highest common divisor of 18 and 17119539.
9
What is the greatest common factor of 27728176 and 172144?
3248
What is the greatest common factor of 12826002 and 126?
42
Calculate the highest common factor of 1162046 and 215270.
206
Calculate the highest common factor of 18724720 and 245.
35
What is the greatest common factor of 91666 and 6626?
2
Calculate the greatest common factor of 967911578 and 262.
262
Calculate the greatest common factor of 372 and 1490774.
2
Calculate the highest common factor of 3651145 and 25353.
313
What is the highest common factor of 891202 and 740701?
2951
Calculate the highest common divisor of 348 and 66811737.
87
What is the greatest common divisor of 1586 and 3981653?
793
Calculate the highest common factor of 327341166 and 2334.
2334
What is the highest common factor of 264918 and 19497?
201
Calculate the greatest common divisor of 270549 and 454836.
3921
What is the greatest common factor of 2608 and 4342464?
16
What is the greatest common divisor of 32415531 and 27?
3
What is the highest common factor of 21044562 and 1212?
606
Calculate the highest common factor of 35328 and 198524224.
1472
Calculate the greatest common divisor of 3 and 382303.
1
Calculate the highest common divisor of 69342 and 9441978.
546
Calculate the greatest common factor of 5076885 and 1131.
87
Calculate the highest common divisor of 108 and 9501792.
12
What is the highest common factor of 938016 and 18072?
72
What is the greatest common divisor of 223792 and 109198?
142
Calculate the highest common factor of 26958490 and 65.
65
What is the greatest common divisor of 632070 and 4?
2
Calculate the highest common divisor of 6395361 and 19509.
21
Calculate the highest common factor of 8412 and 344880.
12
What is the greatest common divisor of 936767524 and 374?
374
Calculate the highest common factor of 7896 and 2041257.
141
What is the highest common factor of 1170000 and 2730?
390
Calculate the greatest common factor of 258 and 383862.
6
Calculate the highest common factor of 849 and 95251291.
283
What is the highest common divisor of 330948 and 1268?
1268
Calculate the greatest common factor of 130208 and 287334.
626
What is the greatest common factor of 10370135 and 295?
295
What is the greatest common divisor of